mon divisor of 66 and 546249?
33
What is the greatest common divisor of 11 and 2185293?
11
Calculate the highest common factor of 20050 and 150.
50
What is the greatest common divisor of 260015 and 1995?
665
Calculate the greatest common factor of 353 and 1101007.
353
Calculate the highest common factor of 4178876 and 13.
13
What is the highest common factor of 22 and 360679?
11
Calculate the highest common divisor of 124214 and 2872.
718
Calculate the greatest common divisor of 2800 and 745850.
350
What is the highest common factor of 34 and 105111?
17
Calculate the greatest common factor of 10112 and 16.
16
Calculate the highest common factor of 4867 and 1727.
157
What is the highest common divisor of 1132 and 622034?
566
Calculate the greatest common factor of 122008 and 21816.
808
What is the highest common factor of 921000 and 192?
24
What is the highest common factor of 110 and 5575460?
110
Calculate the greatest common factor of 128 and 14064.
16
Calculate the highest common divisor of 966438 and 1188.
594
What is the greatest common factor of 10672 and 21436?
92
What is the greatest common factor of 1191627 and 9?
9
Calculate the highest common divisor of 353345 and 1105.
85
Calculate the greatest common divisor of 16 and 310928.
16
Calculate the greatest common divisor of 673407 and 147.
147
Calculate the highest common factor of 1241035 and 25.
5
What is the highest common factor of 689 and 7184203?
689
What is the greatest common factor of 119 and 6817?
17
What is the greatest common factor of 26136 and 48?
24
What is the highest common factor of 1666 and 5219?
17
What is the greatest common factor of 618 and 732742?
206
What is the greatest common factor of 565297 and 386?
193
Calculate the greatest common factor of 75 and 60400.
25
What is the greatest common divisor of 747614 and 14?
14
What is the highest common factor of 440 and 46040?
40
What is the greatest common divisor of 93 and 39618?
93
What is the greatest common divisor of 445 and 196423?
89
Calculate the greatest common factor of 750 and 654.
6
Calculate the greatest common divisor of 32 and 40428.
4
Calculate the highest common divisor of 549 and 27018.
9
What is the greatest common divisor of 34296 and 15?
3
Calculate the greatest common divisor of 25366 and 88.
22
Calculate the highest common factor of 75 and 23310.
15
Calculate the greatest common factor of 78 and 66846.
78
Calculate the highest common factor of 228 and 213028.
76
What is the greatest common divisor of 417052 and 164?
164
What is the greatest common divisor of 74278 and 6?
2
What is the greatest common divisor of 6882 and 18786?
186
What is the highest common factor of 432 and 105381?
27
Calculate the greatest common factor of 7421 and 451.
41
What is the greatest common factor of 858 and 13728?
858
What is the highest common divisor of 274 and 510?
2
What is the highest common divisor of 188 and 32383?
47
What is the highest common divisor of 749 and 223095?
107
Calculate the greatest common divisor of 1758806 and 343.
49
Calculate the greatest common divisor of 1584716 and 70.
14
Calculate the greatest common divisor of 2204 and 1044.
116
Calculate the highest common divisor of 96500 and 27500.
500
What is the highest common factor of 6480 and 221040?
720
Calculate the greatest common divisor of 1582 and 927843.
791
What is the highest common divisor of 104 and 12818?
26
What is the greatest common factor of 20397 and 780?
39
What is the highest common divisor of 6186271 and 1099?
1099
What is the greatest common factor of 78999 and 51?
51
What is the greatest common factor of 188156 and 68?
68
What is the highest common factor of 65428 and 352?
44
What is the highest common divisor of 2807894 and 428?
214
What is the highest common factor of 21981 and 1224?
51
Calculate the highest common divisor of 448 and 19768.
56
What is the highest common divisor of 190120 and 237160?
1960
Calculate the highest common divisor of 71049 and 4191.
33
Calculate the greatest common factor of 2483 and 377.
13
Calculate the highest common divisor of 63342 and 68.
34
Calculate the greatest common divisor of 3910 and 11546.
46
What is the greatest common divisor of 1140 and 969190?
190
Calculate the greatest common divisor of 962 and 2521402.
962
What is the highest common factor of 3883 and 4942?
353
What is the highest common divisor of 224154 and 189?
189
What is the highest common divisor of 1071 and 1377?
153
Calculate the highest common divisor of 462 and 658581.
231
What is the greatest common factor of 636 and 87874?
106
Calculate the greatest common factor of 217357 and 7.
7
What is the greatest common factor of 1210 and 20330?
10
What is the greatest common factor of 300605 and 3245?
295
What is the greatest common divisor of 474 and 68098?
158
What is the greatest common factor of 20 and 484?
4
Calculate the greatest common factor of 6 and 10312.
2
What is the highest common factor of 4260 and 26760?
60
Calculate the greatest common divisor of 30 and 52107.
3
What is the greatest common factor of 448 and 79232?
64
What is the greatest common factor of 17589 and 55341?
429
What is the highest common factor of 6624 and 150048?
288
What is the greatest common divisor of 21 and 709644?
3
What is the highest common factor of 105 and 57309?
21
Calculate the greatest common factor of 107790 and 42.
6
Calculate the highest common factor of 478 and 353242.
478
Calculate the highest common divisor of 10026 and 20609.
557
Calculate the highest common factor of 92 and 32315.
23
Calculate the highest common divisor of 1722 and 5002.
82
Calculate the greatest common divisor of 4318 and 1292.
34
Calculate the greatest common divisor of 22 and 557062.
22
What is the highest common divisor of 23932 and 558?
62
What is the greatest common divisor of 92777 and 257?
257
What is the greatest common divisor of 10052777 and 7?
7
Calculate the highest common factor of 5764 and 28034.
262
What is the highest common factor of 36386 and 46?
46
What is the greatest common factor of 1368 and 57656?
8
What is the greatest common divisor of 84448 and 9828?
364
What is the greatest common factor of 320 and 158320?
80
What is the greatest common factor of 243177 and 605?
11
What is the highest common divisor of 32256 and 3816?
72
Calculate the highest common divisor of 16 and 2419664.
16
What is the highest common divisor of 3380 and 403572?
676
What is the highest common factor of 55 and 7285?
5
Calculate the greatest common divisor of 41 and 920204.
41
What is the highest common divisor of 2005305 and 645?
645
Calculate the greatest common divisor of 134636 and 6305.
97
Calculate the greatest common factor of 2242 and 9728.
38
Calculate the highest common factor of 7938 and 138.
6
Calculate the greatest common divisor of 26754 and 78.
78
What is the highest common divisor of 1666 and 41062?
98
Calculate the greatest common factor of 6160 and 2218370.
770
Calculate the highest common factor of 68388 and 1353.
123
Calculate the greatest common divisor of 139422 and 114.
114
Calculate the greatest common divisor of 878 and 2448742.
878
What is the highest common divisor of 1730564 and 407?
407
What is the greatest common divisor of 5704 and 434?
62
What is the greatest common factor of 427208 and 56?
8
Calculate the greatest common divisor of 7800 and 12300.
300
What is the greatest common divisor of 11193 and 871455?
1599
Calculate the greatest common factor of 20 and 1780.
20
What is the highest common divisor of 8138 and 4862?
26
What is the greatest common factor of 330 and 1199?
11
What is the highest common divisor of 108 and 482604?
12
Calculate the highest common divisor of 21 and 99183.
21
Calculate the highest common divisor of 1415315 and 110.
55
Calculate the highest common factor of 2190 and 2518062.
438
Calculate the highest common divisor of 130741 and 26.
13
Calculate the highest common factor of 40 and 1445.
5
What is the greatest common divisor of 58 and 4993?
1
What is the greatest common divisor of 640597 and 113?
113
What is the highest common factor of 2226 and 67725?
21
Calculate the highest common divisor of 223542 and 396.
198
Calculate the highest common divisor of 12879 and 972.
243
What is the highest com